{"id":10442,"date":"2025-03-14T11:20:28","date_gmt":"2025-03-14T10:20:28","guid":{"rendered":"https:\/\/www.investinluxembourg.be\/wp-content\/uploads\/2025\/03\/hall_relais-1_0.jpg.webp"},"modified":"2025-03-14T11:21:29","modified_gmt":"2025-03-14T10:21:29","slug":"hall_relais-1_0-jpg-2","status":"inherit","type":"attachment","link":"https:\/\/www.investinluxembourg.be\/nl\/transinne-inauguration-du-centre-de-cybersecurite-idelux\/hall_relais-1_0-jpg-2\/","title":{"rendered":"hall_relais-1_0.jpg"},"author":20,"featured_media":0,"comment_status":"closed","ping_status":"closed","template":"","meta":[],"class_list":["post-10442","attachment","type-attachment","status-inherit","hentry","description-off"],"yoast_head":"<!-- This site is optimized with the Yoast SEO plugin v27.5 - https:\/\/yoast.com\/product\/yoast-seo-wordpress\/ -->\n<title>hall_relais-1_0.jpg - Idelux<\/title>\n<meta name=\"robots\" content=\"index, follow, max-snippet:-1, max-image-preview:large, max-video-preview:-1\" \/>\n<link rel=\"canonical\" href=\"https:\/\/www.investinluxembourg.be\/wp-content\/uploads\/2025\/03\/hall_relais-1_0.jpg.webp\" \/>\n<meta property=\"og:locale\" content=\"nl_NL\" \/>\n<meta property=\"og:type\" content=\"article\" \/>\n<meta property=\"og:title\" content=\"hall_relais-1_0.jpg - Idelux\" \/>\n<meta property=\"og:description\" content=\"Hall relais accueillant les outils de cybers\u00e9curit\u00e9\" \/>\n<meta property=\"og:url\" content=\"https:\/\/www.investinluxembourg.be\/wp-content\/uploads\/2025\/03\/hall_relais-1_0.jpg.webp\" \/>\n<meta property=\"og:site_name\" content=\"Idelux\" \/>\n<meta property=\"article:modified_time\" content=\"2025-03-14T10:21:29+00:00\" \/>\n<meta property=\"og:image\" content=\"https:\/\/www.investinluxembourg.be\/wp-content\/uploads\/2025\/03\/hall_relais-1_0.jpg.webp\" \/>\n\t<meta property=\"og:image:width\" content=\"1240\" \/>\n\t<meta property=\"og:image:height\" content=\"540\" \/>\n\t<meta property=\"og:image:type\" content=\"image\/webp\" \/>\n<meta name=\"twitter:card\" content=\"summary_large_image\" \/>\n<script type=\"application\/ld+json\" class=\"yoast-schema-graph\">{\"@context\":\"https:\\\/\\\/schema.org\",\"@graph\":[{\"@type\":\"WebPage\",\"@id\":\"https:\\\/\\\/www.investinluxembourg.be\\\/wp-content\\\/uploads\\\/2025\\\/03\\\/hall_relais-1_0.jpg.webp\",\"url\":\"https:\\\/\\\/www.investinluxembourg.be\\\/wp-content\\\/uploads\\\/2025\\\/03\\\/hall_relais-1_0.jpg.webp\",\"name\":\"hall_relais-1_0.jpg - Idelux\",\"isPartOf\":{\"@id\":\"https:\\\/\\\/www.investinluxembourg.be\\\/#website\"},\"datePublished\":\"2025-03-14T10:20:28+00:00\",\"dateModified\":\"2025-03-14T10:21:29+00:00\",\"breadcrumb\":{\"@id\":\"https:\\\/\\\/www.investinluxembourg.be\\\/wp-content\\\/uploads\\\/2025\\\/03\\\/hall_relais-1_0.jpg.webp#breadcrumb\"},\"inLanguage\":\"nl-NL\",\"potentialAction\":[{\"@type\":\"ReadAction\",\"target\":[\"https:\\\/\\\/www.investinluxembourg.be\\\/wp-content\\\/uploads\\\/2025\\\/03\\\/hall_relais-1_0.jpg.webp\"]}]},{\"@type\":\"BreadcrumbList\",\"@id\":\"https:\\\/\\\/www.investinluxembourg.be\\\/wp-content\\\/uploads\\\/2025\\\/03\\\/hall_relais-1_0.jpg.webp#breadcrumb\",\"itemListElement\":[{\"@type\":\"ListItem\",\"position\":1,\"name\":\"Accueil\",\"item\":\"https:\\\/\\\/www.investinluxembourg.be\\\/nl\\\/\"},{\"@type\":\"ListItem\",\"position\":2,\"name\":\"hall_relais-1_0.jpg\"}]},{\"@type\":\"WebSite\",\"@id\":\"https:\\\/\\\/www.investinluxembourg.be\\\/#website\",\"url\":\"https:\\\/\\\/www.investinluxembourg.be\\\/\",\"name\":\"Idelux\",\"description\":\"\",\"potentialAction\":[{\"@type\":\"SearchAction\",\"target\":{\"@type\":\"EntryPoint\",\"urlTemplate\":\"https:\\\/\\\/www.investinluxembourg.be\\\/?s={search_term_string}\"},\"query-input\":{\"@type\":\"PropertyValueSpecification\",\"valueRequired\":true,\"valueName\":\"search_term_string\"}}],\"inLanguage\":\"nl-NL\"}]}<\/script>\n<!-- \/ Yoast SEO plugin. -->","yoast_head_json":{"title":"hall_relais-1_0.jpg - Idelux","robots":{"index":"index","follow":"follow","max-snippet":"max-snippet:-1","max-image-preview":"max-image-preview:large","max-video-preview":"max-video-preview:-1"},"canonical":"https:\/\/www.investinluxembourg.be\/wp-content\/uploads\/2025\/03\/hall_relais-1_0.jpg.webp","og_locale":"nl_NL","og_type":"article","og_title":"hall_relais-1_0.jpg - Idelux","og_description":"Hall relais accueillant les outils de cybers\u00e9curit\u00e9","og_url":"https:\/\/www.investinluxembourg.be\/wp-content\/uploads\/2025\/03\/hall_relais-1_0.jpg.webp","og_site_name":"Idelux","article_modified_time":"2025-03-14T10:21:29+00:00","og_image":[{"width":1240,"height":540,"url":"https:\/\/www.investinluxembourg.be\/wp-content\/uploads\/2025\/03\/hall_relais-1_0.jpg.webp","type":"image\/webp"}],"twitter_card":"summary_large_image","schema":{"@context":"https:\/\/schema.org","@graph":[{"@type":"WebPage","@id":"https:\/\/www.investinluxembourg.be\/wp-content\/uploads\/2025\/03\/hall_relais-1_0.jpg.webp","url":"https:\/\/www.investinluxembourg.be\/wp-content\/uploads\/2025\/03\/hall_relais-1_0.jpg.webp","name":"hall_relais-1_0.jpg - Idelux","isPartOf":{"@id":"https:\/\/www.investinluxembourg.be\/#website"},"datePublished":"2025-03-14T10:20:28+00:00","dateModified":"2025-03-14T10:21:29+00:00","breadcrumb":{"@id":"https:\/\/www.investinluxembourg.be\/wp-content\/uploads\/2025\/03\/hall_relais-1_0.jpg.webp#breadcrumb"},"inLanguage":"nl-NL","potentialAction":[{"@type":"ReadAction","target":["https:\/\/www.investinluxembourg.be\/wp-content\/uploads\/2025\/03\/hall_relais-1_0.jpg.webp"]}]},{"@type":"BreadcrumbList","@id":"https:\/\/www.investinluxembourg.be\/wp-content\/uploads\/2025\/03\/hall_relais-1_0.jpg.webp#breadcrumb","itemListElement":[{"@type":"ListItem","position":1,"name":"Accueil","item":"https:\/\/www.investinluxembourg.be\/nl\/"},{"@type":"ListItem","position":2,"name":"hall_relais-1_0.jpg"}]},{"@type":"WebSite","@id":"https:\/\/www.investinluxembourg.be\/#website","url":"https:\/\/www.investinluxembourg.be\/","name":"Idelux","description":"","potentialAction":[{"@type":"SearchAction","target":{"@type":"EntryPoint","urlTemplate":"https:\/\/www.investinluxembourg.be\/?s={search_term_string}"},"query-input":{"@type":"PropertyValueSpecification","valueRequired":true,"valueName":"search_term_string"}}],"inLanguage":"nl-NL"}]}},"description":{"rendered":"<p class=\"attachment\"><a href='https:\/\/www.investinluxembourg.be\/wp-content\/uploads\/2025\/03\/hall_relais-1_0.jpg.webp'><img loading=\"lazy\" decoding=\"async\" width=\"300\" height=\"131\" src=\"https:\/\/www.investinluxembourg.be\/wp-content\/uploads\/2025\/03\/hall_relais-1_0.jpg-300x131.webp\" class=\"attachment-medium size-medium\" alt=\"\" srcset=\"https:\/\/www.investinluxembourg.be\/wp-content\/uploads\/2025\/03\/hall_relais-1_0.jpg-300x131.webp 300w, https:\/\/www.investinluxembourg.be\/wp-content\/uploads\/2025\/03\/hall_relais-1_0.jpg-1024x446.webp 1024w, https:\/\/www.investinluxembourg.be\/wp-content\/uploads\/2025\/03\/hall_relais-1_0.jpg-768x334.webp 768w, https:\/\/www.investinluxembourg.be\/wp-content\/uploads\/2025\/03\/hall_relais-1_0.jpg.webp 1240w\" sizes=\"auto, (max-width: 300px) 100vw, 300px\" \/><\/a><\/p>\n<p>Hall relais accueillant les outils de cybers\u00e9curit\u00e9 sur le p\u00f4le Redu-Transinne<\/p>\n"},"caption":{"rendered":"<p>Hall relais accueillant les outils de cybers\u00e9curit\u00e9<\/p>\n"},"alt_text":"","media_type":"image","mime_type":"image\/webp","media_details":{"width":1240,"height":540,"file":"2025\/03\/hall_relais-1_0.jpg.webp","filesize":81652,"sizes":{"medium":{"file":"hall_relais-1_0.jpg-300x131.webp","width":300,"height":131,"filesize":8336,"mime_type":"image\/webp","source_url":"https:\/\/www.investinluxembourg.be\/wp-content\/uploads\/2025\/03\/hall_relais-1_0.jpg-300x131.webp"},"large":{"file":"hall_relais-1_0.jpg-1024x446.webp","width":1024,"height":446,"filesize":70136,"mime_type":"image\/webp","source_url":"https:\/\/www.investinluxembourg.be\/wp-content\/uploads\/2025\/03\/hall_relais-1_0.jpg-1024x446.webp"},"thumbnail":{"file":"hall_relais-1_0.jpg-150x150.webp","width":150,"height":150,"filesize":4164,"mime_type":"image\/webp","source_url":"https:\/\/www.investinluxembourg.be\/wp-content\/uploads\/2025\/03\/hall_relais-1_0.jpg-150x150.webp"},"medium_large":{"file":"hall_relais-1_0.jpg-768x334.webp","width":768,"height":334,"filesize":42820,"mime_type":"image\/webp","source_url":"https:\/\/www.investinluxembourg.be\/wp-content\/uploads\/2025\/03\/hall_relais-1_0.jpg-768x334.webp"},"full":{"file":"hall_relais-1_0.jpg.webp","width":1240,"height":540,"mime_type":"image\/webp","source_url":"https:\/\/www.investinluxembourg.be\/wp-content\/uploads\/2025\/03\/hall_relais-1_0.jpg.webp"}},"image_meta":{"aperture":"0","credit":"","camera":"","caption":"","created_timestamp":"0","copyright":"","focal_length":"0","iso":"0","shutter_speed":"0","title":"","orientation":"0","keywords":[]},"optimus":{"error":"Format non pris en charge"}},"post":10466,"source_url":"https:\/\/www.investinluxembourg.be\/wp-content\/uploads\/2025\/03\/hall_relais-1_0.jpg.webp","_links":{"self":[{"href":"https:\/\/www.investinluxembourg.be\/nl\/wp-json\/wp\/v2\/media\/10442","targetHints":{"allow":["GET"]}}],"collection":[{"href":"https:\/\/www.investinluxembourg.be\/nl\/wp-json\/wp\/v2\/media"}],"about":[{"href":"https:\/\/www.investinluxembourg.be\/nl\/wp-json\/wp\/v2\/types\/attachment"}],"author":[{"embeddable":true,"href":"https:\/\/www.investinluxembourg.be\/nl\/wp-json\/wp\/v2\/users\/20"}],"replies":[{"embeddable":true,"href":"https:\/\/www.investinluxembourg.be\/nl\/wp-json\/wp\/v2\/comments?post=10442"}],"wp:attached-to":[{"embeddable":true,"post_type":"post","id":10466,"href":"https:\/\/www.investinluxembourg.be\/nl\/wp-json\/wp\/v2\/posts\/10466"}],"curies":[{"name":"wp","href":"https:\/\/api.w.org\/{rel}","templated":true}]}}

<!-- This site is optimized with the Yoast SEO plugin v27.5 - https://yoast.com/product/yoast-seo-wordpress/ -->
<title>hall_relais-1_0.jpg - Idelux</title>
<meta name="robots" content="index, follow, max-snippet:-1, max-image-preview:large, max-video-preview:-1" />
<link rel="canonical" href="https://www.investinluxembourg.be/wp-content/uploads/2025/03/hall_relais-1_0.jpg.webp" />
<meta property="og:locale" content="nl_NL" />
<meta property="og:type" content="article" />
<meta property="og:title" content="hall_relais-1_0.jpg - Idelux" />
<meta property="og:description" content="Hall relais accueillant les outils de cybersécurité" />
<meta property="og:url" content="https://www.investinluxembourg.be/wp-content/uploads/2025/03/hall_relais-1_0.jpg.webp" />
<meta property="og:site_name" content="Idelux" />
<meta property="article:modified_time" content="2025-03-14T10:21:29+00:00" />
<meta property="og:image" content="https://www.investinluxembourg.be/wp-content/uploads/2025/03/hall_relais-1_0.jpg.webp" />
	<meta property="og:image:width" content="1240" />
	<meta property="og:image:height" content="540" />
	<meta property="og:image:type" content="image/webp" />
<meta name="twitter:card" content="summary_large_image" />
<script type="application/ld+json" class="yoast-schema-graph">{"@context":"https:\/\/schema.org","@graph":[{"@type":"WebPage","@id":"https:\/\/www.investinluxembourg.be\/wp-content\/uploads\/2025\/03\/hall_relais-1_0.jpg.webp","url":"https:\/\/www.investinluxembourg.be\/wp-content\/uploads\/2025\/03\/hall_relais-1_0.jpg.webp","name":"hall_relais-1_0.jpg - Idelux","isPartOf":{"@id":"https:\/\/www.investinluxembourg.be\/#website"},"datePublished":"2025-03-14T10:20:28+00:00","dateModified":"2025-03-14T10:21:29+00:00","breadcrumb":{"@id":"https:\/\/www.investinluxembourg.be\/wp-content\/uploads\/2025\/03\/hall_relais-1_0.jpg.webp#breadcrumb"},"inLanguage":"nl-NL","potentialAction":[{"@type":"ReadAction","target":["https:\/\/www.investinluxembourg.be\/wp-content\/uploads\/2025\/03\/hall_relais-1_0.jpg.webp"]}]},{"@type":"BreadcrumbList","@id":"https:\/\/www.investinluxembourg.be\/wp-content\/uploads\/2025\/03\/hall_relais-1_0.jpg.webp#breadcrumb","itemListElement":[{"@type":"ListItem","position":1,"name":"Accueil","item":"https:\/\/www.investinluxembourg.be\/nl\/"},{"@type":"ListItem","position":2,"name":"hall_relais-1_0.jpg"}]},{"@type":"WebSite","@id":"https:\/\/www.investinluxembourg.be\/#website","url":"https:\/\/www.investinluxembourg.be\/","name":"Idelux","description":"","potentialAction":[{"@type":"SearchAction","target":{"@type":"EntryPoint","urlTemplate":"https:\/\/www.investinluxembourg.be\/?s={search_term_string}"},"query-input":{"@type":"PropertyValueSpecification","valueRequired":true,"valueName":"search_term_string"}}],"inLanguage":"nl-NL"}]}</script>
<!-- / Yoast SEO plugin. -->

Hall relais accueillant les outils de cybersécurité

<p class="attachment"><a href='https://www.investinluxembourg.be/wp-content/uploads/2025/03/hall_relais-1_0.jpg.webp'><img loading="lazy" decoding="async" width="300" height="131" src="https://www.investinluxembourg.be/wp-content/uploads/2025/03/hall_relais-1_0.jpg-300x131.webp" class="attachment-medium size-medium" alt="" srcset="https://www.investinluxembourg.be/wp-content/uploads/2025/03/hall_relais-1_0.jpg-300x131.webp 300w, https://www.investinluxembourg.be/wp-content/uploads/2025/03/hall_relais-1_0.jpg-1024x446.webp 1024w, https://www.investinluxembourg.be/wp-content/uploads/2025/03/hall_relais-1_0.jpg-768x334.webp 768w, https://www.investinluxembourg.be/wp-content/uploads/2025/03/hall_relais-1_0.jpg.webp 1240w" sizes="auto, (max-width: 300px) 100vw, 300px" /></a></p>
<p>Hall relais accueillant les outils de cybersécurité sur le pôle Redu-Transinne</p>

<p>Hall relais accueillant les outils de cybersécurité</p>
