{"id":5612,"date":"2023-07-09T00:36:32","date_gmt":"2023-07-08T22:36:32","guid":{"rendered":"https:\/\/staging.investinluxembourg.be\/wp-content\/uploads\/2023\/07\/Inauguration-du-centre-de-reference-dans-la-cybersecurite-a-Galaxia-2-1.png"},"modified":"2023-07-09T00:36:32","modified_gmt":"2023-07-08T22:36:32","slug":"inauguration-du-centre-de-reference-dans-la-cybersecurite-a-galaxia-2-1-2","status":"inherit","type":"attachment","link":"https:\/\/www.investinluxembourg.be\/en\/inauguration-du-centre-de-reference-dans-la-cybersecurite-a-galaxia-2-1-2\/","title":{"rendered":"Plus de 100 emplois et un v\u00e9ritable Centre de r\u00e9f\u00e9rence en mati\u00e8re de cybers\u00e9curit\u00e9 \u00e0 GALAXIA"},"author":17,"featured_media":0,"comment_status":"closed","ping_status":"closed","template":"","meta":[],"class_list":["post-5612","attachment","type-attachment","status-inherit","hentry","description-off"],"yoast_head":"<!-- This site is optimized with the Yoast SEO plugin v27.5 - https:\/\/yoast.com\/product\/yoast-seo-wordpress\/ -->\n<title>Plus de 100 emplois et un v\u00e9ritable Centre de r\u00e9f\u00e9rence en mati\u00e8re de cybers\u00e9curit\u00e9 \u00e0 GALAXIA - Idelux<\/title>\n<meta name=\"robots\" content=\"index, follow, max-snippet:-1, max-image-preview:large, max-video-preview:-1\" \/>\n<link rel=\"canonical\" href=\"https:\/\/www.investinluxembourg.be\/wp-content\/uploads\/2023\/07\/Inauguration-du-centre-de-reference-dans-la-cybersecurite-a-Galaxia-2-1.png\" \/>\n<meta property=\"og:locale\" content=\"en_US\" \/>\n<meta property=\"og:type\" content=\"article\" \/>\n<meta property=\"og:title\" content=\"Plus de 100 emplois et un v\u00e9ritable Centre de r\u00e9f\u00e9rence en mati\u00e8re de cybers\u00e9curit\u00e9 \u00e0 GALAXIA - Idelux\" \/>\n<meta property=\"og:url\" content=\"https:\/\/www.investinluxembourg.be\/wp-content\/uploads\/2023\/07\/Inauguration-du-centre-de-reference-dans-la-cybersecurite-a-Galaxia-2-1.png\" \/>\n<meta property=\"og:site_name\" content=\"Idelux\" \/>\n<meta property=\"og:image\" content=\"https:\/\/www.investinluxembourg.be\/wp-content\/uploads\/2023\/07\/Inauguration-du-centre-de-reference-dans-la-cybersecurite-a-Galaxia-2-1.png\" \/>\n\t<meta property=\"og:image:width\" content=\"992\" \/>\n\t<meta property=\"og:image:height\" content=\"558\" \/>\n\t<meta property=\"og:image:type\" content=\"image\/png\" \/>\n<meta name=\"twitter:card\" content=\"summary_large_image\" \/>\n<script type=\"application\/ld+json\" class=\"yoast-schema-graph\">{\"@context\":\"https:\\\/\\\/schema.org\",\"@graph\":[{\"@type\":\"WebPage\",\"@id\":\"https:\\\/\\\/www.investinluxembourg.be\\\/wp-content\\\/uploads\\\/2023\\\/07\\\/Inauguration-du-centre-de-reference-dans-la-cybersecurite-a-Galaxia-2-1.png\",\"url\":\"https:\\\/\\\/www.investinluxembourg.be\\\/wp-content\\\/uploads\\\/2023\\\/07\\\/Inauguration-du-centre-de-reference-dans-la-cybersecurite-a-Galaxia-2-1.png\",\"name\":\"Plus de 100 emplois et un v\u00e9ritable Centre de r\u00e9f\u00e9rence en mati\u00e8re de cybers\u00e9curit\u00e9 \u00e0 GALAXIA - Idelux\",\"isPartOf\":{\"@id\":\"https:\\\/\\\/www.investinluxembourg.be\\\/#website\"},\"datePublished\":\"2023-07-08T22:36:32+00:00\",\"breadcrumb\":{\"@id\":\"https:\\\/\\\/www.investinluxembourg.be\\\/wp-content\\\/uploads\\\/2023\\\/07\\\/Inauguration-du-centre-de-reference-dans-la-cybersecurite-a-Galaxia-2-1.png#breadcrumb\"},\"inLanguage\":\"en-US\",\"potentialAction\":[{\"@type\":\"ReadAction\",\"target\":[\"https:\\\/\\\/www.investinluxembourg.be\\\/wp-content\\\/uploads\\\/2023\\\/07\\\/Inauguration-du-centre-de-reference-dans-la-cybersecurite-a-Galaxia-2-1.png\"]}]},{\"@type\":\"BreadcrumbList\",\"@id\":\"https:\\\/\\\/www.investinluxembourg.be\\\/wp-content\\\/uploads\\\/2023\\\/07\\\/Inauguration-du-centre-de-reference-dans-la-cybersecurite-a-Galaxia-2-1.png#breadcrumb\",\"itemListElement\":[{\"@type\":\"ListItem\",\"position\":1,\"name\":\"Accueil\",\"item\":\"https:\\\/\\\/www.investinluxembourg.be\\\/en\\\/\"},{\"@type\":\"ListItem\",\"position\":2,\"name\":\"Plus de 100 emplois et un v\u00e9ritable Centre de r\u00e9f\u00e9rence en mati\u00e8re de cybers\u00e9curit\u00e9 \u00e0 GALAXIA\"}]},{\"@type\":\"WebSite\",\"@id\":\"https:\\\/\\\/www.investinluxembourg.be\\\/#website\",\"url\":\"https:\\\/\\\/www.investinluxembourg.be\\\/\",\"name\":\"Idelux\",\"description\":\"\",\"potentialAction\":[{\"@type\":\"SearchAction\",\"target\":{\"@type\":\"EntryPoint\",\"urlTemplate\":\"https:\\\/\\\/www.investinluxembourg.be\\\/?s={search_term_string}\"},\"query-input\":{\"@type\":\"PropertyValueSpecification\",\"valueRequired\":true,\"valueName\":\"search_term_string\"}}],\"inLanguage\":\"en-US\"}]}<\/script>\n<!-- \/ Yoast SEO plugin. -->","yoast_head_json":{"title":"Plus de 100 emplois et un v\u00e9ritable Centre de r\u00e9f\u00e9rence en mati\u00e8re de cybers\u00e9curit\u00e9 \u00e0 GALAXIA - Idelux","robots":{"index":"index","follow":"follow","max-snippet":"max-snippet:-1","max-image-preview":"max-image-preview:large","max-video-preview":"max-video-preview:-1"},"canonical":"https:\/\/www.investinluxembourg.be\/wp-content\/uploads\/2023\/07\/Inauguration-du-centre-de-reference-dans-la-cybersecurite-a-Galaxia-2-1.png","og_locale":"en_US","og_type":"article","og_title":"Plus de 100 emplois et un v\u00e9ritable Centre de r\u00e9f\u00e9rence en mati\u00e8re de cybers\u00e9curit\u00e9 \u00e0 GALAXIA - Idelux","og_url":"https:\/\/www.investinluxembourg.be\/wp-content\/uploads\/2023\/07\/Inauguration-du-centre-de-reference-dans-la-cybersecurite-a-Galaxia-2-1.png","og_site_name":"Idelux","og_image":[{"width":992,"height":558,"url":"https:\/\/www.investinluxembourg.be\/wp-content\/uploads\/2023\/07\/Inauguration-du-centre-de-reference-dans-la-cybersecurite-a-Galaxia-2-1.png","type":"image\/png"}],"twitter_card":"summary_large_image","schema":{"@context":"https:\/\/schema.org","@graph":[{"@type":"WebPage","@id":"https:\/\/www.investinluxembourg.be\/wp-content\/uploads\/2023\/07\/Inauguration-du-centre-de-reference-dans-la-cybersecurite-a-Galaxia-2-1.png","url":"https:\/\/www.investinluxembourg.be\/wp-content\/uploads\/2023\/07\/Inauguration-du-centre-de-reference-dans-la-cybersecurite-a-Galaxia-2-1.png","name":"Plus de 100 emplois et un v\u00e9ritable Centre de r\u00e9f\u00e9rence en mati\u00e8re de cybers\u00e9curit\u00e9 \u00e0 GALAXIA - Idelux","isPartOf":{"@id":"https:\/\/www.investinluxembourg.be\/#website"},"datePublished":"2023-07-08T22:36:32+00:00","breadcrumb":{"@id":"https:\/\/www.investinluxembourg.be\/wp-content\/uploads\/2023\/07\/Inauguration-du-centre-de-reference-dans-la-cybersecurite-a-Galaxia-2-1.png#breadcrumb"},"inLanguage":"en-US","potentialAction":[{"@type":"ReadAction","target":["https:\/\/www.investinluxembourg.be\/wp-content\/uploads\/2023\/07\/Inauguration-du-centre-de-reference-dans-la-cybersecurite-a-Galaxia-2-1.png"]}]},{"@type":"BreadcrumbList","@id":"https:\/\/www.investinluxembourg.be\/wp-content\/uploads\/2023\/07\/Inauguration-du-centre-de-reference-dans-la-cybersecurite-a-Galaxia-2-1.png#breadcrumb","itemListElement":[{"@type":"ListItem","position":1,"name":"Accueil","item":"https:\/\/www.investinluxembourg.be\/en\/"},{"@type":"ListItem","position":2,"name":"Plus de 100 emplois et un v\u00e9ritable Centre de r\u00e9f\u00e9rence en mati\u00e8re de cybers\u00e9curit\u00e9 \u00e0 GALAXIA"}]},{"@type":"WebSite","@id":"https:\/\/www.investinluxembourg.be\/#website","url":"https:\/\/www.investinluxembourg.be\/","name":"Idelux","description":"","potentialAction":[{"@type":"SearchAction","target":{"@type":"EntryPoint","urlTemplate":"https:\/\/www.investinluxembourg.be\/?s={search_term_string}"},"query-input":{"@type":"PropertyValueSpecification","valueRequired":true,"valueName":"search_term_string"}}],"inLanguage":"en-US"}]}},"description":{"rendered":"<p class=\"attachment\"><a href='https:\/\/www.investinluxembourg.be\/wp-content\/uploads\/2023\/07\/Inauguration-du-centre-de-reference-dans-la-cybersecurite-a-Galaxia-2-1.png'><img loading=\"lazy\" decoding=\"async\" width=\"300\" height=\"169\" src=\"https:\/\/www.investinluxembourg.be\/wp-content\/uploads\/2023\/07\/Inauguration-du-centre-de-reference-dans-la-cybersecurite-a-Galaxia-2-1-300x169.png\" class=\"attachment-medium size-medium\" alt=\"\" srcset=\"https:\/\/www.investinluxembourg.be\/wp-content\/uploads\/2023\/07\/Inauguration-du-centre-de-reference-dans-la-cybersecurite-a-Galaxia-2-1-300x169.png 300w, https:\/\/www.investinluxembourg.be\/wp-content\/uploads\/2023\/07\/Inauguration-du-centre-de-reference-dans-la-cybersecurite-a-Galaxia-2-1-768x432.png 768w, https:\/\/www.investinluxembourg.be\/wp-content\/uploads\/2023\/07\/Inauguration-du-centre-de-reference-dans-la-cybersecurite-a-Galaxia-2-1.png 992w\" sizes=\"auto, (max-width: 300px) 100vw, 300px\" \/><\/a><\/p>\n"},"caption":{"rendered":""},"alt_text":"","media_type":"image","mime_type":"image\/png","media_details":{"width":992,"height":558,"file":"2023\/07\/Inauguration-du-centre-de-reference-dans-la-cybersecurite-a-Galaxia-2-1.png","filesize":1063430,"sizes":{"medium":{"file":"Inauguration-du-centre-de-reference-dans-la-cybersecurite-a-Galaxia-2-1-300x169.png","width":300,"height":169,"filesize":85749,"mime_type":"image\/png","source_url":"https:\/\/www.investinluxembourg.be\/wp-content\/uploads\/2023\/07\/Inauguration-du-centre-de-reference-dans-la-cybersecurite-a-Galaxia-2-1-300x169.png"},"thumbnail":{"file":"Inauguration-du-centre-de-reference-dans-la-cybersecurite-a-Galaxia-2-1-150x150.png","width":150,"height":150,"filesize":36528,"mime_type":"image\/png","source_url":"https:\/\/www.investinluxembourg.be\/wp-content\/uploads\/2023\/07\/Inauguration-du-centre-de-reference-dans-la-cybersecurite-a-Galaxia-2-1-150x150.png"},"medium_large":{"file":"Inauguration-du-centre-de-reference-dans-la-cybersecurite-a-Galaxia-2-1-768x432.png","width":768,"height":432,"filesize":574382,"mime_type":"image\/png","source_url":"https:\/\/www.investinluxembourg.be\/wp-content\/uploads\/2023\/07\/Inauguration-du-centre-de-reference-dans-la-cybersecurite-a-Galaxia-2-1-768x432.png"},"full":{"file":"Inauguration-du-centre-de-reference-dans-la-cybersecurite-a-Galaxia-2-1.png","width":992,"height":558,"mime_type":"image\/png","source_url":"https:\/\/www.investinluxembourg.be\/wp-content\/uploads\/2023\/07\/Inauguration-du-centre-de-reference-dans-la-cybersecurite-a-Galaxia-2-1.png"}},"image_meta":{"aperture":"0","credit":"","camera":"","caption":"","created_timestamp":"0","copyright":"","focal_length":"0","iso":"0","shutter_speed":"0","title":"","orientation":"0","keywords":[]},"optimus":{"profit":"3","quantity":50,"webp":0}},"post":null,"source_url":"https:\/\/www.investinluxembourg.be\/wp-content\/uploads\/2023\/07\/Inauguration-du-centre-de-reference-dans-la-cybersecurite-a-Galaxia-2-1.png","_links":{"self":[{"href":"https:\/\/www.investinluxembourg.be\/en\/wp-json\/wp\/v2\/media\/5612","targetHints":{"allow":["GET"]}}],"collection":[{"href":"https:\/\/www.investinluxembourg.be\/en\/wp-json\/wp\/v2\/media"}],"about":[{"href":"https:\/\/www.investinluxembourg.be\/en\/wp-json\/wp\/v2\/types\/attachment"}],"author":[{"embeddable":true,"href":"https:\/\/www.investinluxembourg.be\/en\/wp-json\/wp\/v2\/users\/17"}],"replies":[{"embeddable":true,"href":"https:\/\/www.investinluxembourg.be\/en\/wp-json\/wp\/v2\/comments?post=5612"}]}}

Plus de 100 emplois et un véritable Centre de référence en matière de cybersécurité à GALAXIA

<!-- This site is optimized with the Yoast SEO plugin v27.5 - https://yoast.com/product/yoast-seo-wordpress/ -->
<title>Plus de 100 emplois et un véritable Centre de référence en matière de cybersécurité à GALAXIA - Idelux</title>
<meta name="robots" content="index, follow, max-snippet:-1, max-image-preview:large, max-video-preview:-1" />
<link rel="canonical" href="https://www.investinluxembourg.be/wp-content/uploads/2023/07/Inauguration-du-centre-de-reference-dans-la-cybersecurite-a-Galaxia-2-1.png" />
<meta property="og:locale" content="en_US" />
<meta property="og:type" content="article" />
<meta property="og:title" content="Plus de 100 emplois et un véritable Centre de référence en matière de cybersécurité à GALAXIA - Idelux" />
<meta property="og:url" content="https://www.investinluxembourg.be/wp-content/uploads/2023/07/Inauguration-du-centre-de-reference-dans-la-cybersecurite-a-Galaxia-2-1.png" />
<meta property="og:site_name" content="Idelux" />
<meta property="og:image" content="https://www.investinluxembourg.be/wp-content/uploads/2023/07/Inauguration-du-centre-de-reference-dans-la-cybersecurite-a-Galaxia-2-1.png" />
	<meta property="og:image:width" content="992" />
	<meta property="og:image:height" content="558" />
	<meta property="og:image:type" content="image/png" />
<meta name="twitter:card" content="summary_large_image" />
<script type="application/ld+json" class="yoast-schema-graph">{"@context":"https:\/\/schema.org","@graph":[{"@type":"WebPage","@id":"https:\/\/www.investinluxembourg.be\/wp-content\/uploads\/2023\/07\/Inauguration-du-centre-de-reference-dans-la-cybersecurite-a-Galaxia-2-1.png","url":"https:\/\/www.investinluxembourg.be\/wp-content\/uploads\/2023\/07\/Inauguration-du-centre-de-reference-dans-la-cybersecurite-a-Galaxia-2-1.png","name":"Plus de 100 emplois et un véritable Centre de référence en matière de cybersécurité à GALAXIA - Idelux","isPartOf":{"@id":"https:\/\/www.investinluxembourg.be\/#website"},"datePublished":"2023-07-08T22:36:32+00:00","breadcrumb":{"@id":"https:\/\/www.investinluxembourg.be\/wp-content\/uploads\/2023\/07\/Inauguration-du-centre-de-reference-dans-la-cybersecurite-a-Galaxia-2-1.png#breadcrumb"},"inLanguage":"en-US","potentialAction":[{"@type":"ReadAction","target":["https:\/\/www.investinluxembourg.be\/wp-content\/uploads\/2023\/07\/Inauguration-du-centre-de-reference-dans-la-cybersecurite-a-Galaxia-2-1.png"]}]},{"@type":"BreadcrumbList","@id":"https:\/\/www.investinluxembourg.be\/wp-content\/uploads\/2023\/07\/Inauguration-du-centre-de-reference-dans-la-cybersecurite-a-Galaxia-2-1.png#breadcrumb","itemListElement":[{"@type":"ListItem","position":1,"name":"Accueil","item":"https:\/\/www.investinluxembourg.be\/en\/"},{"@type":"ListItem","position":2,"name":"Plus de 100 emplois et un véritable Centre de référence en matière de cybersécurité à GALAXIA"}]},{"@type":"WebSite","@id":"https:\/\/www.investinluxembourg.be\/#website","url":"https:\/\/www.investinluxembourg.be\/","name":"Idelux","description":"","potentialAction":[{"@type":"SearchAction","target":{"@type":"EntryPoint","urlTemplate":"https:\/\/www.investinluxembourg.be\/?s={search_term_string}"},"query-input":{"@type":"PropertyValueSpecification","valueRequired":true,"valueName":"search_term_string"}}],"inLanguage":"en-US"}]}</script>
<!-- / Yoast SEO plugin. -->

Plus de 100 emplois et un véritable Centre de référence en matière de cybersécurité à GALAXIA - Idelux
